f x?
2, 3
Let j(g) = -g - 5. Let b be j(-8). Suppose b*d + 4*f = 29, -2*d + 3*f - 9 = -0*d. List the prime factors of d.
3
Let g = -22 + 44. List the prime factors of (g/(-4))/(1/(-2)).
11
Suppose p + 3 = -c, -5*c = -5*p - 33 - 12. Let l = p + 3. List the prime factors of l/2*70/(-15).
7
Suppose 4*r - 156 = 352. What are the prime factors of r?
127
Let u = 20 - 20. Suppose u = g + 3*g - 48. What are the prime factors of g?
2, 3
Suppose 348 = 2*g - 2*v, -2*g + 332 = -3*v + 5*v. What are the prime factors of g?
2, 5, 17
Let i(b) = -2 + 5*b**2 - 3 - 2. What are the prime factors of i(-3)?
2, 19
Let j(n) = -n**2 + n + 4. Let r(q) = -q**3 + 4*q**2 - 3*q. Let l be r(2). Let h be (-6)/4 - (-3)/l. List the prime factors of j(h).
2
Let o be ((-14)/(-6))/(2/24). Suppose -z + 6 = -3*r, 2*r + 0*r + o = -2*z. Let b(n) = -n**2 - 12*n - 13. List the prime factors of b(z).
2, 7
Let z(y) = 18*y**2 + y - 9. List the prime factors of z(-4).
5, 11
Suppose 4*o + 0 = 20. Let c = o - 5. Suppose 2*s - 28 = -s - 5*m, 4*m + 16 = c. List the prime factors of s.
2
Suppose 4*x + 0*x - 52 = 0. Let i = x + -18. Let m(p) = -p + 6. List the prime factors of m(i).
11
Let a(v) = -8*v + 3. Let d(j) = -j. Let f(h) = a(h) - 5*d(h). List the prime factors of f(-3).
2, 3
Suppose -3*c + 0*c = 5*f - 41, -4*c + 78 = -5*f. Let z = -4 + c. List the prime factors of z.
13
Suppose 2*g - 3*g + 9 = 0. List the prime factors of g.
3
Let c be ((-24)/20)/(6/(-40)). Suppose 5*d = c + 32. What are the prime factors of d?
2
Let w(o) = o**2 - 8*o + 2. Let h be w(7). List the prime factors of 44*(h/2 + 3).
2, 11
Suppose 2*h - 4 = 6. Suppose 3*n - 5*x - 2 = 1, n = 3*x - 3. Suppose -d - 4*i + n = -4, -50 = -h*d - 5*i. List the prime factors of d.
2, 5
Suppose 0 = -3*n + 5 + 13. Suppose -n = 3*v - v. List the prime factors of ((-1)/v)/((-1)/(-15)).
5
Suppose 0 = -c + 3, c - 23 = 4*n - 4*c. Let l = 1 - n. List the prime factors of l.
3
Let s = -263 - -405. What are the prime factors of s?
2, 71
Let q = -3 - -10. Let u = q - 3. Suppose -t = d - 5, 3*d + 4*t - u = 12. What are the prime factors of d?
2
Suppose g = -3 - 3. Let n = 9 - g. List the prime factors of n.
3, 5
Let n(r) = r**3 + 11*r**2 - 13*r - 13. Let d be n(-12). What are the prime factors of 3*d - (-48)/3?
13
Suppose -2*b = -44 + 8. Suppose 40 = 3*i - l, 4*i - 82 = 4*l - b. What are the prime factors of i?
2, 3
Let l be 217/(-28) + (-1)/4. Let a(x) = -x**2 - 11*x - 11. What are the prime factors of a(l)?
13
Let j = -2 + 37. List the prime factors of j.
5, 7
Let m(h) = h**2 + 7*h + 2. Let u be m(-7). Let v(o) = 4 + u*o + 0 - 1. What are the prime factors of v(4)?
11
Let x(q) = -q**2 - 7*q - 5. What are the prime factors of x(-5)?
5
Let j(z) = z**3 + 3*z**2 + 3*z - 4. Let l be j(-3). Let c = l - -17. What are the prime factors of c?
2
Let u(b) = -b**2 - 5*b + 2. Let m be u(-4). Let q = m + -4. What are the prime factors of q?
2
Let f = 17 + -7. Let d(c) = c + 3. What are the prime factors of d(f)?
13
Let v = 89 + -40. What are the prime factors of v?
7
Let o be (-14)/21 + (-386)/6. Let p = o + 91. List the prime factors of p.
2, 13
Let d(n) = 3*n + 9 - 2*n + 2 + 6. List the prime factors of d(-8).
3
Let k(r) = -r**2 + 7*r - 2. Let w(q) = q**2 + 2*q + 3. Let a be w(-2). List the prime factors of k(a).
2, 5
Let h be (-55)/(-15) - 4/6. Suppose 3 = h*v - 6. Suppose 0 = -4*y + 4*w + 44, w + v*w = -3*y + 54. List the prime factors of y.
2, 7
Suppose -1271 = -5*g - 31. Let v = g - 122. What are the prime factors of v/10 - 6/(-15)?
13
Suppose 2*f - 5*x - 21 = 0, -2*f = -x + 2*x + 9. Let w = 0 - f. List the prime factors of w.
2
Suppose 51 = 2*m - j, -j + 87 - 13 = 3*m. Let s be (-46)/(-10) - (-10)/m. Suppose b + 6*g - 25 = g, s*b = -g + 29. What are the prime factors of b?
5
Let k = 41 - 17. What are the prime factors of k?
2, 3
Suppose 5*o - 30 = -n, -o - n + 27 = -5*n. List the prime factors of o.
7
Let o be -2 + (-2)/6*-3. What are the prime factors of 0 - (o + (3 - 6))?
2
Suppose 0 = -3*y + 5*y - 8. Suppose y*c - c = 30. What are the prime factors of c?
2, 5
Suppose 238 - 28 = 3*u. Let f = -33 + u. Suppose c = -j + 1 + 5, 5*j = 2*c + f. List the prime factors of j.
7
Let m(v) = -v + 5. Let r be m(-4). Let u = r + -9. List the prime factors of u + (3 - (-19)/1).
2, 11
Let w(k) = k + 2. Let m be w(6). Suppose -2*c = -4*f + m, -2*f = -3*c - 0*f - 12. Let q(n) = -2*n + 1. What are the prime factors of q(c)?
3
Let k be (1 - (-6)/(-3))*11. Let t = k - -19. What are the prime factors of t?
2
Let s be (-2)/5 + (-8)/(-20). Suppose s = j - 29 + 9. What are the prime factors of j?
2, 5
Let y(h) = h**2 + 7*h + 5. Let v be y(-6). Let u = -20 - -19. List the prime factors of v + (-6)/u + 0.
5
Let s(z) = 0*z + 10 + 4*z**2 - 3*z**2 + 9*z. Let j = -6 + -3. What are the prime factors of s(j)?
2, 5
Let f = -23 + 3. Let k = f + 0. Let s = k - -29. List the prime factors of s.
3
Let d(w) = w**2 + 2*w + 3. Let r be d(-3). Suppose 60 = 10*c - r*c. List the prime factors of c.
3, 5
Let x(l) = l + 5. Let u = 9 - 0. List the prime factors of x(u).
2, 7
Let z(n) = 3*n**2 + n. List the prime factors of z(-1).
2
Let o(a) = a**3 + 10*a**2 + 7*a - 8. Suppose 5*b + 21 = -24. What are the prime factors of o(b)?
2, 5
Suppose 0 = -q + 11 - 5. What are the prime factors of q?
2, 3
Let k(z) = 4*z + 3. Let d be k(-3). Let y = d - -14. What are the prime factors of y?
5
Let y(m) = 13*m. Let f be 1/2*16/4. List the prime factors of y(f).
2, 13
Let h(n) = -n - 4. Let i be h(-8). Suppose -i*g + 5*g = 14. What are the prime factors of g?
2, 7
Let w(n) = -4*n + 2. Let r(h) = -2*h + 1. Let u(j) = -14*r(j) + 6*w(j). List the prime factors of u(3).
2, 5
Let w be (-2 - -1 - -1)*1. Let v(h) = -h**2 + 3*h**2 + 6 - h**2 + h. What are the prime factors of v(w)?
2, 3
Let z = -6 - -12. List the prime factors of z.
2, 3
Let t(c) = 5*c**2 + c + 2. Let n(m) = -m**2 - 7*m - 8. Let o be n(-6). What are the prime factors of t(o)?
2, 5
Let v = -9 + 11. List the prime factors of (v/4)/(3/66).
11
Let a be (-132)/9 + 1/(-3). List the prime factors of (1 + -36)*9/a.
3, 7
Let r(s) = 2*s - 5. Let p be r(4). Suppose 0 = q - 3*h - 7, 18 = 2*q + p*h - 7*h. List the prime factors of q.
13
Suppose j + 183 = 4*t, -t + 141 = 2*t + 3*j. What are the prime factors of t?
2, 23
Let y = -10 + 60. Suppose 3*c + 5*x = 71, -4*x = 3*c - c - y. What are the prime factors of c?
17
Let b = -19 + 49. List the prime factors of b.
2, 3, 5
Suppose -2 = -o - 0*h - h, -2*h + 14 = 4*o. Suppose 0*m - o*m = -30. Let c = 12 - m. What are the prime factors of c?
2, 3
Suppose 3*b + 5*c = 20, 2*c + 12 = 3*b - c. Suppose -38 = -b*t - 5*y + 102, 3*y = 12. What are the prime factors of t?
2, 3
Let m = -28 + 74. List the prime factors of m.
2, 23
Let y be 1520/50 - (-2)/(-5). Let a = y + 7. List the prime factors of a.
37
Let q(a) = -a**3 + a**2. Let j be q(-1). Suppose -j*w - i + 17 = 0, 4*w - 5*i + 12 = 39. List the prime factors of w.
2
Let i(z) = z**2 + 2*z - 3. Let k be i(7). Suppose 0 = 3*y + n - 4*n - 105, -y - 4*n + k = 0. What are the prime factors of y?
2, 5
Let t(n) = -n**3 - 3*n**2 + 10*n - 8. List the prime factors of t(-6).
2, 5
Suppose y + 0*y + 17 = 5*n, -1 = 5*y - 4*n. Suppose y*i + 4*j = -j + 104, 4*i - j - 131 = 0. Suppose 3*l + 0*l - i = 0. What are the prime factors of l?
11
What are the prime factors of (-702)/(-10) + 60/75?
71
List the prime factors of (-14)/(((-2)/(-6))/(10/(-6))).
2, 5, 7
Let b(q) = -q**2 - 5*q - 1. Let l be b(-4). Suppose -l*y + 4*s = -62, y - 2*s = -y + 42. List the prime factors of y.
2, 11
Let f(y) = -y**2 - y + 19. Let p(q) = -q**2 + 9*q. Let v be p(9). What are the prime factors of f(v)?
19
Suppose 3*p + 9 = -0*p. Let o(f) = -3*f - 4. What are the prime factors of o(p)?
5
Let u = -24 + 44. What are the prime factors of u?
2, 5
Let w be -42*((-14)/(-4) - 3). What are the prime factors of (-7)/28 - w/4?
5
Let r be (-756)/(-10) - 16/(-40). Suppose -2*z + 3*t = -r, -5*t + 4*t - 4 = 0. List the prime factors of z.
2
Let c = 3 + -1. Let z be (-3)/c*10/15. List the prime factors of z*((-2 - 1) + 0).
3
Suppose -3*y - 3*g - 9 = 0, 2*g - 7*g = -2*y + 8. Let p = 2 - y. Suppose p*v - 21 = m, -m = v - 9 - 2. List the prime factors of v.
2
Suppose 2*z + z + 140 = 4*b, -5*b - 78 = 2*z. Let x be (-2)/4 + z/(-8). 